the remainder when x is divided by -9*(-8 - -2)/2?
25
Let g(z) = -11*z - 1. Suppose -10*m + 100 = -60. Calculate the remainder when g(-7) is divided by m.
12
Let h be (4 - 2)*(963/6)/(-3). Let w = h - -273. What is the remainder when w is divided by ((-189)/6)/((-15)/20)?
40
Let a be 5/10*(1 + 5). Let d be -4 - 40/((-12)/a). Calculate the remainder when 27 is divided by 90/(-24)*(-8)/d.
2
Let f = -19 - -27. Let j = -57 + 98. What is the remainder when (-82 + -14)*(-10)/f is divided by j?
38
Let d = -13 + 16. Suppose r - 115 = -5*c - d*r, -r - 92 = -4*c. Calculate the remainder when 160 is divided by c.
22
Let i = -152 + 111. Let c = -29 - i. Calculate the remainder when 118 is divided by c.
10
Let a = 4742 + -4734. What is the remainder when 445 is divided by a?
5
Let a(d) = d**2 + 11*d - 26. Let h be a(-15). Suppose 12 = j - h. What is the remainder when 226 is divided by j?
42
Suppose 2*z - 175 + 33 = 0. Let u = -46 + z. Suppose -2 = 2*h - 20. Calculate the remainder when u is divided by h.
7
Let u(i) be the third derivative of i**5/60 + 13*i**4/12 + 9*i**3/2 - 61*i**2. What is the remainder when 160 is divided by u(-26)?
25
Calculate the remainder when 387 is divided by ((-1251)/(-36))/(6*4/96).
109
Let f(o) = 7*o + 54. What is the remainder when 718 is divided by f(-7)?
3
Let c be 3 + (2 + -5 - -53). Let z = c - 13. Suppose -z = -0*k - 4*k. What is the remainder when 69 is divided by k?
9
Suppose y = -x + 3*y + 26, -2*y = 4*x - 64. Suppose 3*p - g = 5*p - 65, -4*p = -g - 115. Suppose 3*s - p = -2*s. What is the remainder when x is divided by s?
0
What is the remainder when (-144)/162 + 2/((-90)/(-10705)) is divided by 235?
2
Suppose 9589 = 73*v + 975. Calculate the remainder when 2713 is divided by v.
117
Let c = 156 - 103. Calculate the remainder when (1/(-7))/(13/2600)*161/(-46) is divided by c.
47
What is the remainder when 100885*10/225 + (-48)/(-216) is divided by 115?
114
Let k(q) be the third derivative of -q**6/120 + q**5/20 + q**4/6 - 7*q**2. Let x be k(-2). Calculate the remainder when (4/x)/((-2)/(-558)) is divided by 24.
21
Let g be 145/58*(-72)/(-15). What is the remainder when 107 is divided by ((-510)/g)/(35/(-28))?
5
Let h = 32 - 29. Let f = 24 + -18. What is the remainder when (-162)/h*(-1)/2 is divided by f?
3
Let w = 2942 - 2775. What is the remainder when w is divided by 52?
11
Suppose -17*z + 14*z = 5*p - 188, -4*z - 3*p + 247 = 0. Let b = 176 + -89. Let t = b - z. What is the remainder when 99 is divided by t?
21
Let m(i) = 3*i**2 - 8*i + 56. What is the remainder when 909 is divided by m(5)?
90
Calculate the remainder when 37/((-12580)/(-275100)) - (-4)/(-34) is divided by 163.
157
Let t(s) = -s**2 - 12*s - 20. Let w be t(-10). Let h be ((2 - 0) + w)*(-85)/2. Let k = h + 130. What is the remainder when k is divided by 25?
20
Suppose 0 = 4*d + 2*c - 58, 3*c + 71 = 5*d + 7*c. Suppose 17*y - 38 = d*y. Let p = -94 - -149. Calculate the remainder when p is divided by y.
17
Let i be 11451/9 + 3/(-9). Suppose 2*s = 0, -i = -3*l - 5*s + 2418. What is the remainder when 17 is divided by (l/(-369))/(1/(-1 - 2))?
7
Calculate the remainder when (-387)/27 + 14 + (13228/12 - -3) is divided by 181.
19
Suppose -5*z + 5*j - 2 = 3*j, -4 = -3*z - 4*j. Suppose z = -48*x + 59*x - 1232. What is the remainder when x is divided by 17?
10
Let x = -86 + 144. Suppose -3*m + m + 4*j + 32 = 0, -3*m = -j - x. Suppose 2*w - 7*w = -195. Calculate the remainder when w is divided by m.
19
Let z = 29 - 18. Let f(n) = 2*n**2 + 54*n + 147. Calculate the remainder when z is divided by f(-3).
2
What is the remainder when (-2)/(-17) + (-72200)/(-136) is divided by 167?
30
Suppose 2*x - 18 = x - 3*p, 3*p = -4*x + 36. Let l(q) = q**2 - 9*q + 16. Let c be l(x). What is the remainder when 95 is divided by 21 - ((-5 - 4/c) + 0)?
23
Let l(k) = 11*k - 453. Suppose -5*s - 54 = -4*a, -18 = -4*a + 2*s + 42. Calculate the remainder when l(57) is divided by a.
14
Let w = -567 + 566. What is the remainder when 299 is divided by (-4)/(24/(-58)) - w/3?
9
Suppose 62 + 7 = y. Suppose 67*s - y*s = -12. Suppose 5*p + s + 4 = 0, -5*p = a - 4. What is the remainder when 27 is divided by a?
13
Let c(k) = -k**2 + 6*k + 86. Let o be c(-6). Suppose 431 = o*d - 17. Calculate the remainder when d is divided by 19.
13
Suppose -2*o = -2*v - 182, 210 = 2*o + 691*v - 686*v. Calculate the remainder when 338 is divided by o.
53
Let x be 44/14 - -6*(-4)/168. Suppose 4*b + 1 - 5 = 0, -465 = -4*i + x*b. Calculate the remainder when i is divided by 11.
7
Let p = 196 + -450. Let q = p + 286. What is the remainder when 150 is divided by q?
22
What is the remainder when 446 is divided by 0 - 2624/(-40) - 21/35?
56
Let k(h) = -h + 28. Let n be 4*(-1 + 93/6). Suppose 2*p - n = -0*p. Calculate the remainder when p is divided by k(12).
13
Let o(c) = 5*c + 25. Let g be o(-5). Suppose -f + 2 + 0 = 0, g = y + f - 124. Calculate the remainder when y is divided by 21.
17
Suppose 433 - 1 = 16*n. Suppose -2*p = 2*b + 282, -2*p - b - 288 = -2*b. Let f = p + 214. Calculate the remainder when f is divided by n.
17
Suppose 0 = y + 4*b - 92, 0 = -3*y + 3*b - 5*b + 256. Suppose 3*u - s = y, 5*u + 6*s - 148 = 5*s. What is the remainder when 115 is divided by u?
28
Let s = -86 - -98. Let v be -3 + 1 - (-1*20)/2. Suppose 15*a - 154 = v*a. What is the remainder when a is divided by s?
10
Suppose -w + 735 = 5*z, 62*w - 58*w + 5*z - 2880 = 0. Calculate the remainder when w is divided by 19.
12
Let y(h) = 3*h - 7. Let l be y(3). Suppose 178 = l*j + 134. Calculate the remainder when 329 is divided by j.
21
Suppose 2*o = 0, o - 6*o + 16 = 4*h. Let f be -4 - ((-1)/2 - 518/h). Let z = -113 + f. Calculate the remainder when 90 is divided by z.
12
Let n = 74 + 72. Let s = -91 + n. Calculate the remainder when 38 is divided by (-2 + (-114)/(-15))/(22/s).
10
Let n(t) = -21*t + 922. Calculate the remainder when 1114 is divided by n(38).
122
Let w = -100 + 104. Suppose w*q = -2*f + 100, -5*f + q + 4*q = -235. Calculate the remainder when f is divided by 17.
14
Let b = 201 - 199. Suppose 0 = -3*j - c + 59, -b*j - c + 0*c = -39. Calculate the remainder when 1*(9/3 - -28) is divided by j.
11
Let x be (-5 - -3)/((-5)/2 + 2). Suppose -y - x - 2 = -3*j, -2*y = j - 2. Suppose -23*g + 19*g + 104 = y. Calculate the remainder when 76 is divided by g.
24
Let t be (-130)/195 - (0 + (-92)/(-6)). Calculate the remainder when (-8)/t + 2115/6 is divided by 51.
47
Suppose -3*q + 5*t + 163 = 0, -26*t + 81 = q - 21*t. Suppose -43 + 3 = -8*z. Calculate the remainder when q is divided by z.
1
Let h(d) = 2*d**3 + 47*d**2 + 96*d + 31. Calculate the remainder when h(-21) is divided by 113.
107
Let d(c) = 4*c**2 + 9*c - 268. What is the remainder when d(11) is divided by 70?
35
Let d(m) be the first derivative of 71*m**2/2 - 22*m + 17. Let q be d(2). Suppose -28 = -q*z + 118*z. Calculate the remainder when 69 is divided by z.
13
Suppose -3*y = -3*f - 4*y + 99, 5*f + 4*y - 158 = 0. Let h = 278 - 186. What is the remainder when h is divided by f?
24
Suppose 2*y + 77 = 3*m, -4*m - m + 120 = 5*y. Let r be ((-10)/(-4))/(34/(-68)). Let j(a) = 3*a**2 + 13*a + 38. What is the remainder when j(r) is divided by m?
23
Let m(d) = 3*d**3 - 4*d**2 + 4*d - 3. Let f be m(2). Let n(b) be the first derivative of 3*b**2 + 3*b - 139. Calculate the remainder when n(f) is divided by 28.
25
Calculate the remainder when 494 is divided by (-413)/(-77) + 124/(-341).
4
Let n = -5999 + 6212. What is the remainder when n is divided by 168?
45
Let o(q) = -203*q + 1513. What is the remainder when o(4) is divided by 87?
5
Let b be (30 - 24) + (4*2)/(-2). Suppose b*u - 261 = -u. What is the remainder when u is divided by 23?
18
Let p(x) = 35*x**2 - 74*x + 322. What is the remainder when p(6) is divided by 38?
36
Calculate the remainder when (-604)/(-1) - (-4)/(52/91) is divided by 154.
149
Calculate the remainder when 1/((-9)/(-9115)) - (3 + (-493)/153) is divided by 336.
5
Let r = -2110 - -2136. What is the remainder when 3161 is divided by r?
15
Let y(v) = 2*v**3 + 410*v**2 - 408*v + 866. Calculate the remainder when 3526 is divided by y(-206).
40
Suppose 16 = -45*g + 1411. Calculate the remainder when 2199 is divided by g.
29
Let u(k) be the second derivative of -35*k**3/6 - 5*